 of 937?
9
What is the thousands digit of 9863?
9
What is the hundreds digit of 35697?
6
What is the hundreds digit of 244?
2
What is the tens digit of 1167?
6
What is the hundreds digit of 2521?
5
What is the hundreds digit of 3509?
5
What is the units digit of 122122?
2
What is the units digit of 521?
1
What is the units digit of 1840?
0
What is the tens digit of 670?
7
What is the tens digit of 3056?
5
What is the tens digit of 4840?
4
What is the thousands digit of 8100?
8
What is the thousands digit of 93302?
3
What is the ten thousands digit of 26789?
2
What is the tens digit of 76?
7
What is the hundreds digit of 2192?
1
What is the thousands digit of 35259?
5
What is the hundreds digit of 660?
6
What is the units digit of 1187?
7
What is the hundreds digit of 940?
9
What is the ten thousands digit of 133533?
3
What is the ten thousands digit of 24759?
2
What is the hundreds digit of 12685?
6
What is the thousands digit of 5227?
5
What is the units digit of 22149?
9
What is the hundreds digit of 101228?
2
What is the hundreds digit of 1004?
0
What is the tens digit of 638?
3
What is the units digit of 24126?
6
What is the hundreds digit of 1483?
4
What is the tens digit of 5403?
0
What is the units digit of 8349?
9
What is the tens digit of 48663?
6
What is the hundreds digit of 4182?
1
What is the hundreds digit of 1678?
6
What is the hundreds digit of 5142?
1
What is the hundreds digit of 905?
9
What is the hundreds digit of 9952?
9
What is the units digit of 19613?
3
What is the hundreds digit of 188?
1
What is the hundreds digit of 24294?
2
What is the ten thousands digit of 24692?
2
What is the ten thousands digit of 53288?
5
What is the tens digit of 3035?
3
What is the ten thousands digit of 54933?
5
What is the units digit of 659?
9
What is the units digit of 280?
0
What is the units digit of 274?
4
What is the tens digit of 1606?
0
What is the hundreds digit of 647?
6
What is the tens digit of 14052?
5
What is the tens digit of 316?
1
What is the ten thousands digit of 106954?
0
What is the hundreds digit of 2513?
5
What is the tens digit of 4381?
8
What is the hundreds digit of 3957?
9
What is the ten thousands digit of 12621?
1
What is the units digit of 96?
6
What is the hundreds digit of 1991?
9
What is the units digit of 57?
7
What is the units digit of 3640?
0
What is the tens digit of 1432?
3
What is the units digit of 10663?
3
What is the units digit of 41240?
0
What is the hundreds digit of 938?
9
What is the ten thousands digit of 34603?
3
What is the tens digit of 5076?
7
What is the ten thousands digit of 36959?
3
What is the hundreds digit of 39538?
5
What is the hundreds digit of 868?
8
What is the ten thousands digit of 39955?
3
What is the hundreds digit of 37722?
7
What is the thousands digit of 1479?
1
What is the thousands digit of 83115?
3
What is the hundreds digit of 7371?
3
What is the tens digit of 5608?
0
What is the ten thousands digit of 17382?
1
What is the hundreds digit of 59589?
5
What is the tens digit of 16117?
1
What is the tens digit of 2135?
3
What is the thousands digit of 5920?
5
What is the tens digit of 23748?
4
What is the hundreds digit of 4960?
9
What is the hundreds digit of 50947?
9
What is the units digit of 11261?
1
What is the hundreds digit of 4991?
9
What is the ten thousands digit of 46991?
4
What is the hundreds digit of 12419?
4
What is the hundreds digit of 1990?
9
What is the hundreds digit of 15702?
7
What is the tens digit of 1324?
2
What is the hundreds digit of 1030?
0
What is the thousands digit of 10066?
0
What is the units digit of 877?
7
What is the units digit of 688?
8
What is the thousands digit of 1496?
1
What is the thousands digit of 1014?
1
What is the hundreds digit of 366?
3
What is the tens digit of 9432?
3
What is the units digit of 15128?
8
What is the tens digit of 11638?
3
What is the hundreds digit of 6960?
9
What is the hundreds digit of 16217?
2
What is the units digit of 386?
6
What is the units digit of 54487?
7
What is the hundreds digit of 7646?
6
What is the thousands digit of 7011?
7
What is the tens digit of 533?
3
What is the hundreds digit of 124390?
3
What is the units digit of 6960?
0
What is the tens digit of 28365?
6
What is the tens digit of 36085?
8
What is the ten thousands digit of 93147?
9
What is the hundreds digit of 34994?
9
What is the tens digit of 41812?
1
What is the units digit of 9893?
3
What is the units digit of 984?
4
What is the units digit of 6070?
0
What is the units digit of 3362?
2
What is the hundreds digit of 7124?
1
What is the units digit of 44613?
3
What is the tens digit of 11033?
3
What is the units digit of 7032?
2
What is the tens digit of 28421?
2
What is the thousands digit of 4461?
4
What is the thousands digit of 2355?
2
What is the ten thousands digit of 59889?
5
What is the tens digit of 146083?
8
What is the tens digit of 4525?
2
What is the units digit of 9204?
4
What is the units digit of 682?
2
What is the units digit of 420?
0
What is the units digit of 673?
3
What is the thousands digit of 21556?
1
What is the hundreds digit of 1181?
1
What is the tens digit of 2628?
2
What is the units digit of 12625?
5
What is the thousands digit of 6439?
6
What is the hundreds digit of 5753?
7
What is the tens digit of 4791?
9
What is the units digit of 24680?
0
What is the tens digit of 1499?
9
What is the thousands digit of 1257?
1
What is the thousands digit of 4778?
4
What is the hundreds digit of 11892?
8
What is the hundreds digit of 1114?
1
What is the thousands digit of 9376?
9
What is the thousands digit of 1397?
1
What is the tens digit of 996?
9
What is the units digit of 2778?
8
What is the units digit of 4850?
0
What is the units digit of 51658?
8
What is the thousands digit of 1374?
1
What is the thousands digit of 4274?
4
What is the thousands digit of 2654?
2
What is the hundreds digit of 8487?
4
What is the ten thousands digit of 13794?
1
What is the thousands digit of 1810?
1
What is the units digit of 2683?
3
What is the thousands digit of 146071?
6
What is the hundreds digit of 10886?
8
What is the units digit of 280?
0
What is the ten thousands digit of 22153?
2
What is the tens digit of 6172?
7
What is the hundreds digit of 16050?
0
What is the thousands digit of 32468?
2
What is the hundreds digit of 476?
4
What is the units digit of 865?
5
What is the units digit of 59862?
2
What is the ten thousands digit of 16713?
1
What is the hundreds digit of 710?
7
What is the tens digit of 10244?
4
What is the units digit of 496?
6
What is the hundreds digit of 9821?
8
What is the ten thousands digit of 12905?
1
What is the units digit of 2076?
6
What is the hundreds digit of 4628?
6
What is the units digit of 882?
2
What is the thousands digit of 41260?
1
What is the thousands digit of 30479?
0
What is the hundreds digit of 16107?
1
What is the units digit of 5195?
5
What is the ten thousands digit of 85646?
8
What is the units digit of 24487?
7
What is the thousands digit of 3998?
3
What is the tens digit of 292?
9
What is the units digit of 1503?
3
What is the hundreds digit of 912?
9
What is the thousands digit of 2287?
2
What is the units digit of 180096?
6
What is the tens digit of 323?
2
What is the tens digit of 7356?
5
What is the hundreds digit of 19231?
2
What is the tens digit of 569?
6
What is the ten thousands digit of 41166?
4
What is the units digit of 11218?
8
What is the units digit of 1152?
2
What is the ten thousands digit of 11822?
1
What is the tens digit of 4071?
7
What is the tens digit of 11930?
3
What is the tens digit of 5011?
1
What is the units digit of 20046?
6
What is the ten thousands digit of 111295?
1
What is the units digit of 25134?
4
What is the thousands digit of 1011?
1
What is the ten thousands digit of 21213?
2
What is the hundreds digit of 954?
9
What is the hundreds digit of 41556?
5
What is the units digit of 37223?
3
What is the thousands digit of 1001?
1
What is the hundreds digit of 49428?
4
What is the hundreds digit of 32124?
1
What is the units digit of 1012?
2
What is the tens digit of 30?
3
What is the hundreds digit of 21752?
7
What is the units digit of 7662?
2
What is the tens digit of 9540?
4
What is the tens digit of 1001?
0
What is 